{"id":742,"date":"2023-11-17T12:21:34","date_gmt":"2023-11-17T11:21:34","guid":{"rendered":"https:\/\/eltrosdelarambla.con2webs.es\/politica-de-privadesa\/"},"modified":"2025-02-27T09:39:20","modified_gmt":"2025-02-27T08:39:20","slug":"politica-de-privadesa","status":"publish","type":"page","link":"https:\/\/pocaxsolta.com\/ca\/politica-de-privadesa\/","title":{"rendered":"Pol\u00edtica de privadesa"},"content":{"rendered":"<style>.wp-block-kadence-advancedheading.kt-adv-heading502_69bf44-e0, .wp-block-kadence-advancedheading.kt-adv-heading502_69bf44-e0[data-kb-block=\"kb-adv-heading502_69bf44-e0\"]{font-style:normal;}.wp-block-kadence-advancedheading.kt-adv-heading502_69bf44-e0 mark.kt-highlight, .wp-block-kadence-advancedheading.kt-adv-heading502_69bf44-e0[data-kb-block=\"kb-adv-heading502_69bf44-e0\"] mark.kt-highlight{font-style:normal;color:#f76a0c;-webkit-box-decoration-break:clone;box-decoration-break:clone;padding-top:0px;padding-right:0px;padding-bottom:0px;padding-left:0px;}.wp-block-kadence-advancedheading.kt-adv-heading502_69bf44-e0 img.kb-inline-image, .wp-block-kadence-advancedheading.kt-adv-heading502_69bf44-e0[data-kb-block=\"kb-adv-heading502_69bf44-e0\"] img.kb-inline-image{width:150px;vertical-align:baseline;}<\/style>\n<h1 class=\"kt-adv-heading502_69bf44-e0 wp-block-kadence-advancedheading has-theme-palette-1-color has-text-color\" data-kb-block=\"kb-adv-heading502_69bf44-e0\">Pol\u00edtica de privadesa<\/h1>\n<style>.wp-block-kadence-advancedheading.kt-adv-heading502_8e390c-53, .wp-block-kadence-advancedheading.kt-adv-heading502_8e390c-53[data-kb-block=\"kb-adv-heading502_8e390c-53\"]{font-style:normal;}.wp-block-kadence-advancedheading.kt-adv-heading502_8e390c-53 mark.kt-highlight, .wp-block-kadence-advancedheading.kt-adv-heading502_8e390c-53[data-kb-block=\"kb-adv-heading502_8e390c-53\"] mark.kt-highlight{font-style:normal;color:#f76a0c;-webkit-box-decoration-break:clone;box-decoration-break:clone;padding-top:0px;padding-right:0px;padding-bottom:0px;padding-left:0px;}.wp-block-kadence-advancedheading.kt-adv-heading502_8e390c-53 img.kb-inline-image, .wp-block-kadence-advancedheading.kt-adv-heading502_8e390c-53[data-kb-block=\"kb-adv-heading502_8e390c-53\"] img.kb-inline-image{width:150px;vertical-align:baseline;}<\/style>\n<h4 class=\"kt-adv-heading502_8e390c-53 wp-block-kadence-advancedheading\" data-kb-block=\"kb-adv-heading502_8e390c-53\">Responsable del tractament<\/h4>\n\n<p class=\"wp-block-paragraph\">LA POMADA, SL B05334727, amb domicili a Pla\u00e7a Reial, 3, 08002, Barcelona Telefon 619128603 i mail admin@gruplapomada.com<\/p>\n<style>.wp-block-kadence-advancedheading.kt-adv-heading502_dc691f-9c, .wp-block-kadence-advancedheading.kt-adv-heading502_dc691f-9c[data-kb-block=\"kb-adv-heading502_dc691f-9c\"]{font-style:normal;}.wp-block-kadence-advancedheading.kt-adv-heading502_dc691f-9c mark.kt-highlight, .wp-block-kadence-advancedheading.kt-adv-heading502_dc691f-9c[data-kb-block=\"kb-adv-heading502_dc691f-9c\"] mark.kt-highlight{font-style:normal;color:#f76a0c;-webkit-box-decoration-break:clone;box-decoration-break:clone;padding-top:0px;padding-right:0px;padding-bottom:0px;padding-left:0px;}.wp-block-kadence-advancedheading.kt-adv-heading502_dc691f-9c img.kb-inline-image, .wp-block-kadence-advancedheading.kt-adv-heading502_dc691f-9c[data-kb-block=\"kb-adv-heading502_dc691f-9c\"] img.kb-inline-image{width:150px;vertical-align:baseline;}<\/style>\n<h4 class=\"kt-adv-heading502_dc691f-9c wp-block-kadence-advancedheading\" data-kb-block=\"kb-adv-heading502_dc691f-9c\">Finalitat<\/h4>\n\n<p class=\"wp-block-paragraph\">La finalitat de la creaci\u00f3, exist\u00e8ncia i manteniment \u00e9s el tractament de les dades amb els exclusius fins de poder fer efectiu el nostre servei i realitzar-ne la facturaci\u00f3.<\/p>\n<style>.wp-block-kadence-advancedheading.kt-adv-heading502_b161dc-a0, .wp-block-kadence-advancedheading.kt-adv-heading502_b161dc-a0[data-kb-block=\"kb-adv-heading502_b161dc-a0\"]{font-style:normal;}.wp-block-kadence-advancedheading.kt-adv-heading502_b161dc-a0 mark.kt-highlight, .wp-block-kadence-advancedheading.kt-adv-heading502_b161dc-a0[data-kb-block=\"kb-adv-heading502_b161dc-a0\"] mark.kt-highlight{font-style:normal;color:#f76a0c;-webkit-box-decoration-break:clone;box-decoration-break:clone;padding-top:0px;padding-right:0px;padding-bottom:0px;padding-left:0px;}.wp-block-kadence-advancedheading.kt-adv-heading502_b161dc-a0 img.kb-inline-image, .wp-block-kadence-advancedheading.kt-adv-heading502_b161dc-a0[data-kb-block=\"kb-adv-heading502_b161dc-a0\"] img.kb-inline-image{width:150px;vertical-align:baseline;}<\/style>\n<h4 class=\"kt-adv-heading502_b161dc-a0 wp-block-kadence-advancedheading\" data-kb-block=\"kb-adv-heading502_b161dc-a0\">Legitimaci\u00f3<\/h4>\n\n<p class=\"wp-block-paragraph\">La base legal per al tractament de les vostres dades \u00e9s l&#8217;execuci\u00f3 de la prestaci\u00f3 del servei entre el titular de la dada i el responsable del tractament i aquesta informaci\u00f3 personal es conservar\u00e0 mentre es mantingui la prestaci\u00f3 del mateix durant el temps estrictament necessari per complir les obligacions legals.<\/p>\n<style>.wp-block-kadence-advancedheading.kt-adv-heading502_942c46-ec, .wp-block-kadence-advancedheading.kt-adv-heading502_942c46-ec[data-kb-block=\"kb-adv-heading502_942c46-ec\"]{font-style:normal;}.wp-block-kadence-advancedheading.kt-adv-heading502_942c46-ec mark.kt-highlight, .wp-block-kadence-advancedheading.kt-adv-heading502_942c46-ec[data-kb-block=\"kb-adv-heading502_942c46-ec\"] mark.kt-highlight{font-style:normal;color:#f76a0c;-webkit-box-decoration-break:clone;box-decoration-break:clone;padding-top:0px;padding-right:0px;padding-bottom:0px;padding-left:0px;}.wp-block-kadence-advancedheading.kt-adv-heading502_942c46-ec img.kb-inline-image, .wp-block-kadence-advancedheading.kt-adv-heading502_942c46-ec[data-kb-block=\"kb-adv-heading502_942c46-ec\"] img.kb-inline-image{width:150px;vertical-align:baseline;}<\/style>\n<h4 class=\"kt-adv-heading502_942c46-ec wp-block-kadence-advancedheading\" data-kb-block=\"kb-adv-heading502_942c46-ec\">Comunicacions comercials<\/h4>\n\n<p class=\"wp-block-paragraph\">Aix\u00ed mateix i en base al seu consentiment atorgat de forma afirmativa i expressa, ens permet poder enviar informaci\u00f3 comercial sobre els nostres serveis i novetats a trav\u00e9s de correu electr\u00f2nic. Aquest consentiment podr\u00e0 ser revocat en qualsevol moment a trav\u00e9s del nostre correu electr\u00f2nic admin@gruplapomada.com<\/p>\n<style>.wp-block-kadence-advancedheading.kt-adv-heading502_996217-df, .wp-block-kadence-advancedheading.kt-adv-heading502_996217-df[data-kb-block=\"kb-adv-heading502_996217-df\"]{font-style:normal;}.wp-block-kadence-advancedheading.kt-adv-heading502_996217-df mark.kt-highlight, .wp-block-kadence-advancedheading.kt-adv-heading502_996217-df[data-kb-block=\"kb-adv-heading502_996217-df\"] mark.kt-highlight{font-style:normal;color:#f76a0c;-webkit-box-decoration-break:clone;box-decoration-break:clone;padding-top:0px;padding-right:0px;padding-bottom:0px;padding-left:0px;}.wp-block-kadence-advancedheading.kt-adv-heading502_996217-df img.kb-inline-image, .wp-block-kadence-advancedheading.kt-adv-heading502_996217-df[data-kb-block=\"kb-adv-heading502_996217-df\"] img.kb-inline-image{width:150px;vertical-align:baseline;}<\/style>\n<h4 class=\"kt-adv-heading502_996217-df wp-block-kadence-advancedheading\" data-kb-block=\"kb-adv-heading502_996217-df\">Per\u00edode de conservaci\u00f3<\/h4>\n\n<p class=\"wp-block-paragraph\"> Les dades proporcionades es conservaran mentre es mantingui la prestaci\u00f3 del servei o durant els anys necessaris per complir les obligacions legals<\/p>\n<style>.wp-block-kadence-advancedheading.kt-adv-heading502_c0a149-02, .wp-block-kadence-advancedheading.kt-adv-heading502_c0a149-02[data-kb-block=\"kb-adv-heading502_c0a149-02\"]{font-style:normal;}.wp-block-kadence-advancedheading.kt-adv-heading502_c0a149-02 mark.kt-highlight, .wp-block-kadence-advancedheading.kt-adv-heading502_c0a149-02[data-kb-block=\"kb-adv-heading502_c0a149-02\"] mark.kt-highlight{font-style:normal;color:#f76a0c;-webkit-box-decoration-break:clone;box-decoration-break:clone;padding-top:0px;padding-right:0px;padding-bottom:0px;padding-left:0px;}.wp-block-kadence-advancedheading.kt-adv-heading502_c0a149-02 img.kb-inline-image, .wp-block-kadence-advancedheading.kt-adv-heading502_c0a149-02[data-kb-block=\"kb-adv-heading502_c0a149-02\"] img.kb-inline-image{width:150px;vertical-align:baseline;}<\/style>\n<h4 class=\"kt-adv-heading502_c0a149-02 wp-block-kadence-advancedheading\" data-kb-block=\"kb-adv-heading502_c0a149-02\">Destinataris<\/h4>\n\n<p class=\"wp-block-paragraph\">Mentre duri el tractament de les dades de l&#8217;interessat, LA POMADA, SL no cedir\u00e0 les dades a tercers, llevat que hi hagi obligaci\u00f3 legal.<\/p>\n\n<p class=\"wp-block-paragraph\">En els sup\u00f2sits que, per a la realitzaci\u00f3 de tractaments de tipus administratiu, fiscal, comptable i\/o comercial, es compti amb els serveis de tercers, es formalitzar\u00e0 degudament el preceptiu contracte d&#8217;encarregat de tractament, amb la finalitat de garantir la seguretat i la confidencialitat dades de l&#8217;interessat davant de tercers.<\/p>\n<style>.wp-block-kadence-advancedheading.kt-adv-heading502_731b2c-18, .wp-block-kadence-advancedheading.kt-adv-heading502_731b2c-18[data-kb-block=\"kb-adv-heading502_731b2c-18\"]{font-style:normal;}.wp-block-kadence-advancedheading.kt-adv-heading502_731b2c-18 mark.kt-highlight, .wp-block-kadence-advancedheading.kt-adv-heading502_731b2c-18[data-kb-block=\"kb-adv-heading502_731b2c-18\"] mark.kt-highlight{font-style:normal;color:#f76a0c;-webkit-box-decoration-break:clone;box-decoration-break:clone;padding-top:0px;padding-right:0px;padding-bottom:0px;padding-left:0px;}.wp-block-kadence-advancedheading.kt-adv-heading502_731b2c-18 img.kb-inline-image, .wp-block-kadence-advancedheading.kt-adv-heading502_731b2c-18[data-kb-block=\"kb-adv-heading502_731b2c-18\"] img.kb-inline-image{width:150px;vertical-align:baseline;}<\/style>\n<h4 class=\"kt-adv-heading502_731b2c-18 wp-block-kadence-advancedheading\" data-kb-block=\"kb-adv-heading502_731b2c-18\">Drets<\/h4>\n\n<p class=\"wp-block-paragraph\">Les persones interessades tenen dret a accedir a les seves dades de car\u00e0cter personal, aix\u00ed com a sol\u00b7licitar la rectificaci\u00f3 de dades inexactes o, si escau, sol\u00b7licitar la supressi\u00f3 quan, entre altres motius, les dades ja no siguin necess\u00e0ries per a la finalitat que van ser lliurades aix\u00ed com retirar el consentiment atorgat. L&#8217;exercici d&#8217;oposici\u00f3 al tractament de les vostres dades per a l&#8217;enviament d&#8217;informaci\u00f3 publicit\u00e0ria per via electr\u00f2nica. Tamb\u00e9 podeu exercir el vostre dret a la limitaci\u00f3 del tractament, de manera que les vostres dades no seran suprimides per\u00f2 el tractament dels mateixos estar\u00e0 subjecte a limitacions.<\/p>\n\n<p class=\"wp-block-paragraph\">Els exercicis de portabilitat i automatitzaci\u00f3 de decisions no apliquen en aquest cas per la seva tipologia de dades i tractament.<\/p>\n","protected":false},"excerpt":{"rendered":"<p>Pol\u00edtica de privadesa Responsable del tractament LA POMADA, SL B05334727, amb domicili a Pla\u00e7a Reial, 3, 08002, Barcelona Telefon 619128603 i mail admin@gruplapomada.com Finalitat La finalitat de la creaci\u00f3, exist\u00e8ncia i manteniment \u00e9s el tractament de les dades amb els exclusius fins de poder fer efectiu el nostre servei i realitzar-ne la facturaci\u00f3. Legitimaci\u00f3 La&#8230;<\/p>\n","protected":false},"author":1,"featured_media":0,"parent":0,"menu_order":0,"comment_status":"closed","ping_status":"closed","template":"","meta":{"_kad_blocks_custom_css":"","_kad_blocks_head_custom_js":"","_kad_blocks_body_custom_js":"","_kad_blocks_footer_custom_js":"","_kad_post_transparent":"disable","_kad_post_title":"hide","_kad_post_layout":"normal","_kad_post_sidebar_id":"","_kad_post_content_style":"boxed","_kad_post_vertical_padding":"show","_kad_post_feature":"","_kad_post_feature_position":"","_kad_post_header":false,"_kad_post_footer":false,"_kad_post_classname":"","_vp_format_video_url":"","_vp_image_focal_point":[],"footnotes":""},"class_list":["post-742","page","type-page","status-publish","hentry"],"taxonomy_info":[],"featured_image_src_large":false,"author_info":{"display_name":"admin","author_link":"https:\/\/pocaxsolta.com\/ca\/author\/empiezapori\/"},"comment_info":0,"_links":{"self":[{"href":"https:\/\/pocaxsolta.com\/ca\/wp-json\/wp\/v2\/pages\/742","targetHints":{"allow":["GET"]}}],"collection":[{"href":"https:\/\/pocaxsolta.com\/ca\/wp-json\/wp\/v2\/pages"}],"about":[{"href":"https:\/\/pocaxsolta.com\/ca\/wp-json\/wp\/v2\/types\/page"}],"author":[{"embeddable":true,"href":"https:\/\/pocaxsolta.com\/ca\/wp-json\/wp\/v2\/users\/1"}],"replies":[{"embeddable":true,"href":"https:\/\/pocaxsolta.com\/ca\/wp-json\/wp\/v2\/comments?post=742"}],"version-history":[{"count":5,"href":"https:\/\/pocaxsolta.com\/ca\/wp-json\/wp\/v2\/pages\/742\/revisions"}],"predecessor-version":[{"id":1407,"href":"https:\/\/pocaxsolta.com\/ca\/wp-json\/wp\/v2\/pages\/742\/revisions\/1407"}],"wp:attachment":[{"href":"https:\/\/pocaxsolta.com\/ca\/wp-json\/wp\/v2\/media?parent=742"}],"curies":[{"name":"wp","href":"https:\/\/api.w.org\/{rel}","templated":true}]}}

Política de privadesa

<style>.wp-block-kadence-advancedheading.kt-adv-heading502_69bf44-e0, .wp-block-kadence-advancedheading.kt-adv-heading502_69bf44-e0[data-kb-block="kb-adv-heading502_69bf44-e0"]{font-style:normal;}.wp-block-kadence-advancedheading.kt-adv-heading502_69bf44-e0 mark.kt-highlight, .wp-block-kadence-advancedheading.kt-adv-heading502_69bf44-e0[data-kb-block="kb-adv-heading502_69bf44-e0"] mark.kt-highlight{font-style:normal;color:#f76a0c;-webkit-box-decoration-break:clone;box-decoration-break:clone;padding-top:0px;padding-right:0px;padding-bottom:0px;padding-left:0px;}.wp-block-kadence-advancedheading.kt-adv-heading502_69bf44-e0 img.kb-inline-image, .wp-block-kadence-advancedheading.kt-adv-heading502_69bf44-e0[data-kb-block="kb-adv-heading502_69bf44-e0"] img.kb-inline-image{width:150px;vertical-align:baseline;}</style>
<h1 class="kt-adv-heading502_69bf44-e0 wp-block-kadence-advancedheading has-theme-palette-1-color has-text-color" data-kb-block="kb-adv-heading502_69bf44-e0">Política de privadesa</h1>
<style>.wp-block-kadence-advancedheading.kt-adv-heading502_8e390c-53, .wp-block-kadence-advancedheading.kt-adv-heading502_8e390c-53[data-kb-block="kb-adv-heading502_8e390c-53"]{font-style:normal;}.wp-block-kadence-advancedheading.kt-adv-heading502_8e390c-53 mark.kt-highlight, .wp-block-kadence-advancedheading.kt-adv-heading502_8e390c-53[data-kb-block="kb-adv-heading502_8e390c-53"] mark.kt-highlight{font-style:normal;color:#f76a0c;-webkit-box-decoration-break:clone;box-decoration-break:clone;padding-top:0px;padding-right:0px;padding-bottom:0px;padding-left:0px;}.wp-block-kadence-advancedheading.kt-adv-heading502_8e390c-53 img.kb-inline-image, .wp-block-kadence-advancedheading.kt-adv-heading502_8e390c-53[data-kb-block="kb-adv-heading502_8e390c-53"] img.kb-inline-image{width:150px;vertical-align:baseline;}</style>
<h4 class="kt-adv-heading502_8e390c-53 wp-block-kadence-advancedheading" data-kb-block="kb-adv-heading502_8e390c-53">Responsable del tractament</h4>

<p class="wp-block-paragraph">LA POMADA, SL B05334727, amb domicili a Plaça Reial, 3, 08002, Barcelona Telefon 619128603 i mail admin@gruplapomada.com</p>
<style>.wp-block-kadence-advancedheading.kt-adv-heading502_dc691f-9c, .wp-block-kadence-advancedheading.kt-adv-heading502_dc691f-9c[data-kb-block="kb-adv-heading502_dc691f-9c"]{font-style:normal;}.wp-block-kadence-advancedheading.kt-adv-heading502_dc691f-9c mark.kt-highlight, .wp-block-kadence-advancedheading.kt-adv-heading502_dc691f-9c[data-kb-block="kb-adv-heading502_dc691f-9c"] mark.kt-highlight{font-style:normal;color:#f76a0c;-webkit-box-decoration-break:clone;box-decoration-break:clone;padding-top:0px;padding-right:0px;padding-bottom:0px;padding-left:0px;}.wp-block-kadence-advancedheading.kt-adv-heading502_dc691f-9c img.kb-inline-image, .wp-block-kadence-advancedheading.kt-adv-heading502_dc691f-9c[data-kb-block="kb-adv-heading502_dc691f-9c"] img.kb-inline-image{width:150px;vertical-align:baseline;}</style>
<h4 class="kt-adv-heading502_dc691f-9c wp-block-kadence-advancedheading" data-kb-block="kb-adv-heading502_dc691f-9c">Finalitat</h4>

<p class="wp-block-paragraph">La finalitat de la creació, existència i manteniment és el tractament de les dades amb els exclusius fins de poder fer efectiu el nostre servei i realitzar-ne la facturació.</p>
<style>.wp-block-kadence-advancedheading.kt-adv-heading502_b161dc-a0, .wp-block-kadence-advancedheading.kt-adv-heading502_b161dc-a0[data-kb-block="kb-adv-heading502_b161dc-a0"]{font-style:normal;}.wp-block-kadence-advancedheading.kt-adv-heading502_b161dc-a0 mark.kt-highlight, .wp-block-kadence-advancedheading.kt-adv-heading502_b161dc-a0[data-kb-block="kb-adv-heading502_b161dc-a0"] mark.kt-highlight{font-style:normal;color:#f76a0c;-webkit-box-decoration-break:clone;box-decoration-break:clone;padding-top:0px;padding-right:0px;padding-bottom:0px;padding-left:0px;}.wp-block-kadence-advancedheading.kt-adv-heading502_b161dc-a0 img.kb-inline-image, .wp-block-kadence-advancedheading.kt-adv-heading502_b161dc-a0[data-kb-block="kb-adv-heading502_b161dc-a0"] img.kb-inline-image{width:150px;vertical-align:baseline;}</style>
<h4 class="kt-adv-heading502_b161dc-a0 wp-block-kadence-advancedheading" data-kb-block="kb-adv-heading502_b161dc-a0">Legitimació</h4>

<p class="wp-block-paragraph">La base legal per al tractament de les vostres dades és l&#8217;execució de la prestació del servei entre el titular de la dada i el responsable del tractament i aquesta informació personal es conservarà mentre es mantingui la prestació del mateix durant el temps estrictament necessari per complir les obligacions legals.</p>
<style>.wp-block-kadence-advancedheading.kt-adv-heading502_942c46-ec, .wp-block-kadence-advancedheading.kt-adv-heading502_942c46-ec[data-kb-block="kb-adv-heading502_942c46-ec"]{font-style:normal;}.wp-block-kadence-advancedheading.kt-adv-heading502_942c46-ec mark.kt-highlight, .wp-block-kadence-advancedheading.kt-adv-heading502_942c46-ec[data-kb-block="kb-adv-heading502_942c46-ec"] mark.kt-highlight{font-style:normal;color:#f76a0c;-webkit-box-decoration-break:clone;box-decoration-break:clone;padding-top:0px;padding-right:0px;padding-bottom:0px;padding-left:0px;}.wp-block-kadence-advancedheading.kt-adv-heading502_942c46-ec img.kb-inline-image, .wp-block-kadence-advancedheading.kt-adv-heading502_942c46-ec[data-kb-block="kb-adv-heading502_942c46-ec"] img.kb-inline-image{width:150px;vertical-align:baseline;}</style>
<h4 class="kt-adv-heading502_942c46-ec wp-block-kadence-advancedheading" data-kb-block="kb-adv-heading502_942c46-ec">Comunicacions comercials</h4>

<p class="wp-block-paragraph">Així mateix i en base al seu consentiment atorgat de forma afirmativa i expressa, ens permet poder enviar informació comercial sobre els nostres serveis i novetats a través de correu electrònic. Aquest consentiment podrà ser revocat en qualsevol moment a través del nostre correu electrònic admin@gruplapomada.com</p>
<style>.wp-block-kadence-advancedheading.kt-adv-heading502_996217-df, .wp-block-kadence-advancedheading.kt-adv-heading502_996217-df[data-kb-block="kb-adv-heading502_996217-df"]{font-style:normal;}.wp-block-kadence-advancedheading.kt-adv-heading502_996217-df mark.kt-highlight, .wp-block-kadence-advancedheading.kt-adv-heading502_996217-df[data-kb-block="kb-adv-heading502_996217-df"] mark.kt-highlight{font-style:normal;color:#f76a0c;-webkit-box-decoration-break:clone;box-decoration-break:clone;padding-top:0px;padding-right:0px;padding-bottom:0px;padding-left:0px;}.wp-block-kadence-advancedheading.kt-adv-heading502_996217-df img.kb-inline-image, .wp-block-kadence-advancedheading.kt-adv-heading502_996217-df[data-kb-block="kb-adv-heading502_996217-df"] img.kb-inline-image{width:150px;vertical-align:baseline;}</style>
<h4 class="kt-adv-heading502_996217-df wp-block-kadence-advancedheading" data-kb-block="kb-adv-heading502_996217-df">Període de conservació</h4>

<p class="wp-block-paragraph"> Les dades proporcionades es conservaran mentre es mantingui la prestació del servei o durant els anys necessaris per complir les obligacions legals</p>
<style>.wp-block-kadence-advancedheading.kt-adv-heading502_c0a149-02, .wp-block-kadence-advancedheading.kt-adv-heading502_c0a149-02[data-kb-block="kb-adv-heading502_c0a149-02"]{font-style:normal;}.wp-block-kadence-advancedheading.kt-adv-heading502_c0a149-02 mark.kt-highlight, .wp-block-kadence-advancedheading.kt-adv-heading502_c0a149-02[data-kb-block="kb-adv-heading502_c0a149-02"] mark.kt-highlight{font-style:normal;color:#f76a0c;-webkit-box-decoration-break:clone;box-decoration-break:clone;padding-top:0px;padding-right:0px;padding-bottom:0px;padding-left:0px;}.wp-block-kadence-advancedheading.kt-adv-heading502_c0a149-02 img.kb-inline-image, .wp-block-kadence-advancedheading.kt-adv-heading502_c0a149-02[data-kb-block="kb-adv-heading502_c0a149-02"] img.kb-inline-image{width:150px;vertical-align:baseline;}</style>
<h4 class="kt-adv-heading502_c0a149-02 wp-block-kadence-advancedheading" data-kb-block="kb-adv-heading502_c0a149-02">Destinataris</h4>

<p class="wp-block-paragraph">Mentre duri el tractament de les dades de l&#8217;interessat, LA POMADA, SL no cedirà les dades a tercers, llevat que hi hagi obligació legal.</p>

<p class="wp-block-paragraph">En els supòsits que, per a la realització de tractaments de tipus administratiu, fiscal, comptable i/o comercial, es compti amb els serveis de tercers, es formalitzarà degudament el preceptiu contracte d&#8217;encarregat de tractament, amb la finalitat de garantir la seguretat i la confidencialitat dades de l&#8217;interessat davant de tercers.</p>
<style>.wp-block-kadence-advancedheading.kt-adv-heading502_731b2c-18, .wp-block-kadence-advancedheading.kt-adv-heading502_731b2c-18[data-kb-block="kb-adv-heading502_731b2c-18"]{font-style:normal;}.wp-block-kadence-advancedheading.kt-adv-heading502_731b2c-18 mark.kt-highlight, .wp-block-kadence-advancedheading.kt-adv-heading502_731b2c-18[data-kb-block="kb-adv-heading502_731b2c-18"] mark.kt-highlight{font-style:normal;color:#f76a0c;-webkit-box-decoration-break:clone;box-decoration-break:clone;padding-top:0px;padding-right:0px;padding-bottom:0px;padding-left:0px;}.wp-block-kadence-advancedheading.kt-adv-heading502_731b2c-18 img.kb-inline-image, .wp-block-kadence-advancedheading.kt-adv-heading502_731b2c-18[data-kb-block="kb-adv-heading502_731b2c-18"] img.kb-inline-image{width:150px;vertical-align:baseline;}</style>
<h4 class="kt-adv-heading502_731b2c-18 wp-block-kadence-advancedheading" data-kb-block="kb-adv-heading502_731b2c-18">Drets</h4>

<p class="wp-block-paragraph">Les persones interessades tenen dret a accedir a les seves dades de caràcter personal, així com a sol·licitar la rectificació de dades inexactes o, si escau, sol·licitar la supressió quan, entre altres motius, les dades ja no siguin necessàries per a la finalitat que van ser lliurades així com retirar el consentiment atorgat. L&#8217;exercici d&#8217;oposició al tractament de les vostres dades per a l&#8217;enviament d&#8217;informació publicitària per via electrònica. També podeu exercir el vostre dret a la limitació del tractament, de manera que les vostres dades no seran suprimides però el tractament dels mateixos estarà subjecte a limitacions.</p>

<p class="wp-block-paragraph">Els exercicis de portabilitat i automatització de decisions no apliquen en aquest cas per la seva tipologia de dades i tractament.</p>

<p>Política de privadesa Responsable del tractament LA POMADA, SL B05334727, amb domicili a Plaça Reial, 3, 08002, Barcelona Telefon 619128603 i mail admin@gruplapomada.com Finalitat La finalitat de la creació, existència i manteniment és el tractament de les dades amb els exclusius fins de poder fer efectiu el nostre servei i realitzar-ne la facturació. Legitimació La&#8230;</p>
